) to base 14.
-15ddd
What is 110100110000001110 (base 2) in base 10?
216078
10000011011110100001 (base 2) to base 11
338672
-10011010101111001100 (base 2) to base 12
-266950
Convert -aa478 (base 12) to base 13.
-7b725
Convert 12590ab (base 14) to base 4.
201221311133
Convert -2542150 (base 6) to base 10.
-137874
Convert 3041044 (base 6) to base 11.
9a269
What is -1511165 (base 7) in base 4?
-301323230
1aca66 (base 15) to base 8
4773467
Convert -206 (base 15) to base 14.
-248
What is -11ad95 (base 15) in base 7?
-10124564
-26356621 (base 7) to base 13
-668647
What is -3421a89 (base 11) in base 12?
-200aa9b
31231011130 (base 4) to base 13
98a283
20211211111 (base 3) to base 4
200321113
Convert -a22405 (base 11) to base 5.
-410033233
Convert 23243351 (base 7) to base 14.
3b30d1
Convert -1424013 (base 5) to base 7.
-153060
269924 (base 12) to base 9
1173431
1001111111010000000 (base 2) to base 15
66e9b
Convert 7454469 (base 10) to base 12.
25b5b19
What is 720050 (base 9) in base 3?
210200001200
Convert -1883c (base 15) to base 5.
-10020412
-1002122012121 (base 3) to base 11
-36930a
Convert 1100232102 (base 4) to base 12.
13b416
-61453003 (base 8) to base 15
-121b482
What is -1085e7 (base 15) in base 2?
-11000000010100000101
49b663 (base 13) to base 9
3283470
1110010001100100001 (base 2) to base 3
212202121220
-8b2333 (base 13) to base 9
-6163253
32200320130 (base 4) to base 7
44224264
What is 11315430 (base 9) in base 3?
101100112111000
What is 1b566 (base 13) in base 16?
d199
What is -1d77a (base 14) in base 4?
-102130300
Convert 542223423 (base 6) to base 8.
44570607
Convert -110110000011101 (base 2) to base 3.
-1101222002
Convert -2054103 (base 7) to base 4.
-330232113
Convert 10152074 (base 8) to base 3.
11001022021121
-21112021220 (base 3) to base 16
-242e8
What is 10bcce (base 15) in base 3?
1111121120012
What is 1362494 (base 11) in base 8?
10745521
What is -101011001011111111 (base 2) in base 3?
-22222122200
Convert 747a46 (base 12) to base 8.
7006426
What is -1310222303 (base 4) in base 11?
-2a7042
Convert 13120132 (base 4) to base 10.
30238
What is 163790a (base 11) in base 6?
135502514
Convert 543343 (base 6) to base 8.
127457
c2aaca (base 14) to base 10
6560298
971566 (base 10) to base 13
2802bb
What is -31e472 (base 16) in base 7?
-36535534
-e3f8 (base 16) to base 10
-58360
What is 3221212210 (base 4) in base 15?
13d791
Convert -16d6c (base 15) to base 7.
-425313
Convert 789113 (base 10) to base 6.
24525145
-b2792 (base 12) to base 7
-1656224
Convert 116834 (base 10) to base 6.
2300522
Convert -77513 (base 12) to base 6.
-3215223
Convert -55e4c (base 15) to base 13.
-97491
What is -112011321 (base 7) in base 12?
-2352670
Convert 311432 (base 6) to base 13.
b4c5
Convert -19261a0 (base 12) to base 7.
-62600343
What is 69342 (base 10) in base 16?
10ede
-15438 (base 16) to base 15
-1ac16
What is 11131322302 (base 4) in base 10?
1433266
-74dab (base 14) to base 5
-33020322
32c118 (base 15) to base 8
11166633
-21101531 (base 6) to base 10
-614719
Convert 1510114 (base 7) to base 9.
341027
-210740 (base 8) to base 11
-48749
Convert 10010102 (base 6) to base 14.
7470a
-304799 (base 11) to base 4
-1313133120
212424 (base 8) to base 7
413541
Convert -3141314 (base 6) to base 4.
-211122232
What is -173015 (base 9) in base 2?
-11010001010101001
-15024212 (base 6) to base 15
-a31a2
-1010000101101001011 (base 2) to base 6
-11030231
What is -10222102001 (base 3) in base 6?
-1402301
What is -22426 (base 13) in base 4?
-33030100
What is -10101110111000101100001 (base 2) in base 11?
-3264589
46cebb (base 16) to base 10
4640443
-4b83dc (base 14) to base 6
-131353154
Convert 5a54e (base 15) to base 13.
a1177
Convert 10546640 (base 7) to base 6.
31413122
Convert 18a24 (base 13) to base 3.
2102122111
What is 404440 (base 9) in base 13?
84ccc
What is 3609a9 (base 14) in base 16?
1c2a79
71328a (base 11) to base 4
10113313123
-1001110110110100110 (base 2) to base 6
-10531142
What is a7133b (base 12) in base 5?
1133320204
Convert -3b262a (base 12) to base 11.
-609551
-c4369 (base 15) to base 16
-97cce
-48204 (base 10) to base 5
-3020304
What is -1534051 (base 9) in base 13?
-239782
What is -21725665 (base 8) in base 6?
-244401233
Convert 4013 (base 11) to base 14.
1d34
What is 10010001110000011 (base 2) in base 3?
10210100222
-41193 (base 13) to base 2
-11100011111111010
243972 (base 10) to base 16
3b904
15163a9 (base 12) to base 7
51140046
Convert -364146 (base 7) to base 13.
-24228
Convert 30120330 (base 4) to base 9.
76546
What is -11212011112 (base 3) in base 2?
-10111010110000101
Convert -103413413 (base 5) to base 7.
-3556120
What is 78636 (base 10) in base 4?
103030230
What is -1616140 (base 8) in base 10?
-466016
Convert 17d172 (base 14) to base 4.
3031233100
-4331415 (base 8) to base 7
-12600530
417584 (base 12) to base 11
6430a7
-1424112 (base 5) to base 4
-13103103
What is 2056760 (base 8) in base 5?
120021321
Convert -1714ab (base 12) to base 11.
-250921
695b3 (base 16) to base 15
87ce4
Convert 311054 (base 8) to base 6.
2112352
-132320332 (base 4) to base 14
-34178
-16de4 (base 16) to base 13
-33833
Convert -5424f (base 16) to base 3.
-122111210000
What is -126301 (base 9) in base 5?
-4424124
What is -20210410 (base 5) in base 9?
-267816
What is 6801137 (base 10) in base 6?
401434425
289277 (base 10) to base 16
469fd
What is 84e3ea (base 15) in base 13?
14062b1
What is 217060 (base 9) in base 16?
1fb18
-3d755 (base 16) to base 7
-2065626
-c4588 (base 14) to base 8
-1633754
Convert 24343422 (base 5) to base 10.
231112
100010011001110110 (base 2) to base 3
21011022012
11210011002200 (base 3) to base 10
2542095
-167340 (base 10) to base 13
-5b224
-18237 (base 11) to base 15
-789b
Convert -4530342 (base 6) to base 10.
-229526
-272226 (base 8) to base 5
-11023012
Convert 552ab9 (base 12) to base 8.
5122255
What is -9e57 (base 15) in base 4?
-20031013
1020334300 (base 5) to base 15
2bd785
Convert 32d00 (base 16) to base 5.
23130003
Convert 1100111101111001 (base 2) to base 10.
53113
What is -22220100112112 (base 3) in base 9?
-8810475
Convert 45133606 (base 7) to base 11.
2229a56
What is -15232353 (base 7) in base 9?
-2654713
Convert 222767 (base 8) to base 16.
125f7
What is -101236 (base 10) in base 3?
-12010212111
Convert 102120204 (base 5) to base 10.
426304
-134261 (base 11) to base 2
-110011011010101111
-110121002020 (base 3) to base 14
-664c8
What is -251803 (base 9) in base 12?
-74163
Convert -1011111111101000001100 (base 2) to base 16.
-2ffa0c
What is 4422203 (base 6) in base 15?
4566c
What is 22020112111 (base 3) in base 16?
279b5
What is 443018 (base 10) in base 2?
1101100001010001010
-100110010001100100100 (base 2) to base 13
-34bb25
Convert -32596 (base 16) to base 2.
-110010010110010110
Convert -2324304324 (base 5) to base 10.
-5306839
Convert -93784 (base 13) to base 3.
-111110102021
What is -234234143 (base 6) in base 14?
-8299a7
What is -1432061 (base 7) in base 13?
-699b6
Convert 2001330213 (base 4) to base 5.
114013023
-40037 (base 8) to base 11
-11373
-16685 (base 15) to base 7
-420635
Convert 2aa92 (base 12) to base 7.
340544
What is 33b331 (base 14) in base 3?
10022101121222
Convert -561420 (base 7) to base 9.
-160713
-301443431 (base 5) to base 2
-100100101101100101111
22011122030 (base 4) to base 3
11222022022222
Convert -3003044424 (base 5) to base 12.
-1b8b930
Convert -7247563 (base 9) to base 15.
-5169e9
-2794390 (base 10) to base 2
-1010101010001110010110
-185e3 (base 16) to base 4
-120113203
-10011120120 (base 3) to base 8
-171661
What is -5b1857 (base 12) in base 6?
-51341351
23223011213 (base 4) to base 9
5673558
What is 222634 (base 10) in base 12?
a8a0a
Convert -c17832 (base 13) to base 15.
-5dd8b9
What is -32321422 (base 5) in base 12?
-114007
What is a3498 (base 12) in base 16?
340f4
What is -1122000010 (base 3) in base 7?
-162345
What is -1324313444 (base 5) in base 6?
-155520533
Convert -3536346 (base 7) to base 15.
-8c419
-97a3b (base 12) to base 9
-334562
Convert 110101111111011100111 (base 2) to base 11.
aa9246
What is -7852b6 (base 13) in base 15?
-3b12c6
268302 (base 11) to base 16
66c61
What is 1022102222110 (base 3) in base 5?
134311023
Convert 12792 (base 13) to base 6.
422333
95318 (base 10) to base 9
15